{"id":754,"date":"2015-09-08T14:09:31","date_gmt":"2015-09-08T09:09:31","guid":{"rendered":"http:\/\/dentall.stylemixthemes.com\/demo\/?page_id=754"},"modified":"2019-04-18T17:13:15","modified_gmt":"2019-04-18T17:13:15","slug":"blog","status":"publish","type":"page","link":"https:\/\/nhakhoathienan.vn\/?page_id=754","title":{"rendered":"B\u00c0I VI\u1ebeT"},"content":{"rendered":"","protected":false},"excerpt":{"rendered":"","protected":false},"author":1,"featured_media":0,"parent":0,"menu_order":0,"comment_status":"closed","ping_status":"closed","template":"","meta":[],"yoast_head":"<!-- This site is optimized with the Yoast SEO plugin v21.8.1 - https:\/\/yoast.com\/wordpress\/plugins\/seo\/ -->\n<title>B\u00c0I VI\u1ebeT - Nha khoa Thi\u1ec7n An | Nha Khoa Bu\u00f4n Ma Thu\u1ed9t - \u0110\u1eafk L\u1eafk<\/title>\n<meta name=\"description\" content=\"Trung ta\u0302m Ca\u0302\u0301y ghe\u0301p implant \u0111o\u031bn le\u0309, toa\u0300n ha\u0300m on all 4. Nie\u0302\u0300ng ra\u0306ng chuye\u0302n sa\u0302u cho ca\u0309 ngu\u031bo\u031b\u0300i lo\u031b\u0301n va\u0300 tre\u0309 em, \u0111ie\u0302\u0300u tri\u0323 ho\u0302 mo\u0301m ra\u0306ng le\u0323\u0302ch la\u0323c kho\u0302ng \u0111e\u0302\u0300u. Ra\u0306ng su\u031b\u0301, ma\u0323\u0306t da\u0301n su\u031b\u0301 veneer\" \/>\n<meta name=\"robots\" content=\"index, follow, max-snippet:-1, max-image-preview:large, max-video-preview:-1\" \/>\n<link rel=\"canonical\" href=\"https:\/\/nhakhoathienan.vn\/?page_id=754\" \/>\n<meta property=\"og:locale\" content=\"vi_VN\" \/>\n<meta property=\"og:type\" content=\"article\" \/>\n<meta property=\"og:title\" content=\"B\u00c0I VI\u1ebeT - Nha khoa Thi\u1ec7n An | Nha Khoa Bu\u00f4n Ma Thu\u1ed9t - \u0110\u1eafk L\u1eafk\" \/>\n<meta property=\"og:description\" content=\"Trung ta\u0302m Ca\u0302\u0301y ghe\u0301p implant \u0111o\u031bn le\u0309, toa\u0300n ha\u0300m on all 4. Nie\u0302\u0300ng ra\u0306ng chuye\u0302n sa\u0302u cho ca\u0309 ngu\u031bo\u031b\u0300i lo\u031b\u0301n va\u0300 tre\u0309 em, \u0111ie\u0302\u0300u tri\u0323 ho\u0302 mo\u0301m ra\u0306ng le\u0323\u0302ch la\u0323c kho\u0302ng \u0111e\u0302\u0300u. Ra\u0306ng su\u031b\u0301, ma\u0323\u0306t da\u0301n su\u031b\u0301 veneer\" \/>\n<meta property=\"og:url\" content=\"https:\/\/nhakhoathienan.vn\/?page_id=754\" \/>\n<meta property=\"og:site_name\" content=\"Nha khoa Thi\u1ec7n An | Nha Khoa Bu\u00f4n Ma Thu\u1ed9t - \u0110\u1eafk L\u1eafk\" \/>\n<meta property=\"article:publisher\" content=\"https:\/\/www.facebook.com\/nhakhoathienan.buonmathuot\" \/>\n<meta property=\"article:modified_time\" content=\"2019-04-18T17:13:15+00:00\" \/>\n<meta property=\"og:image\" content=\"https:\/\/nhakhoathienan.vn\/wp-content\/uploads\/2023\/05\/294928395_423699719774731_8499535998518395177_n.jpg\" \/>\n\t<meta property=\"og:image:width\" content=\"957\" \/>\n\t<meta property=\"og:image:height\" content=\"958\" \/>\n\t<meta property=\"og:image:type\" content=\"image\/jpeg\" \/>\n<meta name=\"twitter:card\" content=\"summary_large_image\" \/>\n<script type=\"application\/ld+json\" class=\"yoast-schema-graph\">{\"@context\":\"https:\/\/schema.org\",\"@graph\":[{\"@type\":[\"WebPage\",\"CollectionPage\"],\"@id\":\"https:\/\/nhakhoathienan.vn\/?page_id=754\",\"url\":\"https:\/\/nhakhoathienan.vn\/?page_id=754\",\"name\":\"B\u00c0I VI\u1ebeT - Nha khoa Thi\u1ec7n An | Nha Khoa Bu\u00f4n Ma Thu\u1ed9t - \u0110\u1eafk L\u1eafk\",\"isPartOf\":{\"@id\":\"https:\/\/nhakhoathienan.vn\/#website\"},\"datePublished\":\"2015-09-08T09:09:31+00:00\",\"dateModified\":\"2019-04-18T17:13:15+00:00\",\"description\":\"Trung ta\u0302m Ca\u0302\u0301y ghe\u0301p implant \u0111o\u031bn le\u0309, toa\u0300n ha\u0300m on all 4. Nie\u0302\u0300ng ra\u0306ng chuye\u0302n sa\u0302u cho ca\u0309 ngu\u031bo\u031b\u0300i lo\u031b\u0301n va\u0300 tre\u0309 em, \u0111ie\u0302\u0300u tri\u0323 ho\u0302 mo\u0301m ra\u0306ng le\u0323\u0302ch la\u0323c kho\u0302ng \u0111e\u0302\u0300u. Ra\u0306ng su\u031b\u0301, ma\u0323\u0306t da\u0301n su\u031b\u0301 veneer\",\"breadcrumb\":{\"@id\":\"https:\/\/nhakhoathienan.vn\/?page_id=754#breadcrumb\"},\"inLanguage\":\"vi\"},{\"@type\":\"BreadcrumbList\",\"@id\":\"https:\/\/nhakhoathienan.vn\/?page_id=754#breadcrumb\",\"itemListElement\":[{\"@type\":\"ListItem\",\"position\":1,\"name\":\"Trang ch\u1ee7\",\"item\":\"https:\/\/nhakhoathienan.vn\/\"},{\"@type\":\"ListItem\",\"position\":2,\"name\":\"B\u00c0I VI\u1ebeT\"}]},{\"@type\":\"WebSite\",\"@id\":\"https:\/\/nhakhoathienan.vn\/#website\",\"url\":\"https:\/\/nhakhoathienan.vn\/\",\"name\":\"NHA KHOA THI\u1ec6N AN - TP. BU\u00d4N MA THU\u1ed8T, \u0110\u0102K L\u0102K\",\"description\":\"Thi\u1ec7n An, R\u0103ng \u0111\u1eb9p - N\u1ee5 c\u01b0\u1eddi xinh\",\"publisher\":{\"@id\":\"https:\/\/nhakhoathienan.vn\/#organization\"},\"alternateName\":\"Trung ta\u0302m Ca\u0302\u0301y ghe\u0301p implant \u0111o\u031bn le\u0309, toa\u0300n ha\u0300m on all 4. Nie\u0302\u0300ng ra\u0306ng chuye\u0302n sa\u0302u cho ca\u0309 ngu\u031bo\u031b\u0300i lo\u031b\u0301n va\u0300 tre\u0309 em, \u0111ie\u0302\u0300u tri\u0323 ho\u0302 mo\u0301m ra\u0306ng le\u0323\u0302ch la\u0323c kho\u0302ng \u0111e\u0302\u0300u. Ra\u0306ng su\u031b\u0301, ma\u0323\u0306t da\u0301n su\u031b\u0301 veneer\",\"potentialAction\":[{\"@type\":\"SearchAction\",\"target\":{\"@type\":\"EntryPoint\",\"urlTemplate\":\"https:\/\/nhakhoathienan.vn\/?s={search_term_string}\"},\"query-input\":\"required name=search_term_string\"}],\"inLanguage\":\"vi\"},{\"@type\":\"Organization\",\"@id\":\"https:\/\/nhakhoathienan.vn\/#organization\",\"name\":\"Nha khoa Thi\u1ec7n An | Nha Khoa Bu\u00f4n Ma Thu\u1ed9t - \u0110\u1eafk L\u1eafk\",\"alternateName\":\"Trung ta\u0302m Ca\u0302\u0301y ghe\u0301p implant \u0111o\u031bn le\u0309, toa\u0300n ha\u0300m on all 4. Nie\u0302\u0300ng ra\u0306ng chuye\u0302n sa\u0302u cho ca\u0309 ngu\u031bo\u031b\u0300i lo\u031b\u0301n va\u0300 tre\u0309 em, \u0111ie\u0302\u0300u tri\u0323 ho\u0302 mo\u0301m ra\u0306ng le\u0323\u0302ch la\u0323c kho\u0302ng \u0111e\u0302\u0300u. Ra\u0306ng su\u031b\u0301, ma\u0323\u0306t da\u0301n su\u031b\u0301 veneer\",\"url\":\"https:\/\/nhakhoathienan.vn\/\",\"logo\":{\"@type\":\"ImageObject\",\"inLanguage\":\"vi\",\"@id\":\"https:\/\/nhakhoathienan.vn\/#\/schema\/logo\/image\/\",\"url\":\"https:\/\/nhakhoathienan.vn\/wp-content\/uploads\/2023\/05\/logo4.png\",\"contentUrl\":\"https:\/\/nhakhoathienan.vn\/wp-content\/uploads\/2023\/05\/logo4.png\",\"width\":1024,\"height\":357,\"caption\":\"Nha khoa Thi\u1ec7n An | Nha Khoa Bu\u00f4n Ma Thu\u1ed9t - \u0110\u1eafk L\u1eafk\"},\"image\":{\"@id\":\"https:\/\/nhakhoathienan.vn\/#\/schema\/logo\/image\/\"},\"sameAs\":[\"https:\/\/www.facebook.com\/nhakhoathienan.buonmathuot\"]}]}<\/script>\n<!-- \/ Yoast SEO plugin. -->","yoast_head_json":{"title":"B\u00c0I VI\u1ebeT - Nha khoa Thi\u1ec7n An | Nha Khoa Bu\u00f4n Ma Thu\u1ed9t - \u0110\u1eafk L\u1eafk","description":"Trung ta\u0302m Ca\u0302\u0301y ghe\u0301p implant \u0111o\u031bn le\u0309, toa\u0300n ha\u0300m on all 4. Nie\u0302\u0300ng ra\u0306ng chuye\u0302n sa\u0302u cho ca\u0309 ngu\u031bo\u031b\u0300i lo\u031b\u0301n va\u0300 tre\u0309 em, \u0111ie\u0302\u0300u tri\u0323 ho\u0302 mo\u0301m ra\u0306ng le\u0323\u0302ch la\u0323c kho\u0302ng \u0111e\u0302\u0300u. Ra\u0306ng su\u031b\u0301, ma\u0323\u0306t da\u0301n su\u031b\u0301 veneer","robots":{"index":"index","follow":"follow","max-snippet":"max-snippet:-1","max-image-preview":"max-image-preview:large","max-video-preview":"max-video-preview:-1"},"canonical":"https:\/\/nhakhoathienan.vn\/?page_id=754","og_locale":"vi_VN","og_type":"article","og_title":"B\u00c0I VI\u1ebeT - Nha khoa Thi\u1ec7n An | Nha Khoa Bu\u00f4n Ma Thu\u1ed9t - \u0110\u1eafk L\u1eafk","og_description":"Trung ta\u0302m Ca\u0302\u0301y ghe\u0301p implant \u0111o\u031bn le\u0309, toa\u0300n ha\u0300m on all 4. Nie\u0302\u0300ng ra\u0306ng chuye\u0302n sa\u0302u cho ca\u0309 ngu\u031bo\u031b\u0300i lo\u031b\u0301n va\u0300 tre\u0309 em, \u0111ie\u0302\u0300u tri\u0323 ho\u0302 mo\u0301m ra\u0306ng le\u0323\u0302ch la\u0323c kho\u0302ng \u0111e\u0302\u0300u. Ra\u0306ng su\u031b\u0301, ma\u0323\u0306t da\u0301n su\u031b\u0301 veneer","og_url":"https:\/\/nhakhoathienan.vn\/?page_id=754","og_site_name":"Nha khoa Thi\u1ec7n An | Nha Khoa Bu\u00f4n Ma Thu\u1ed9t - \u0110\u1eafk L\u1eafk","article_publisher":"https:\/\/www.facebook.com\/nhakhoathienan.buonmathuot","article_modified_time":"2019-04-18T17:13:15+00:00","og_image":[{"width":957,"height":958,"url":"https:\/\/nhakhoathienan.vn\/wp-content\/uploads\/2023\/05\/294928395_423699719774731_8499535998518395177_n.jpg","type":"image\/jpeg"}],"twitter_card":"summary_large_image","schema":{"@context":"https:\/\/schema.org","@graph":[{"@type":["WebPage","CollectionPage"],"@id":"https:\/\/nhakhoathienan.vn\/?page_id=754","url":"https:\/\/nhakhoathienan.vn\/?page_id=754","name":"B\u00c0I VI\u1ebeT - Nha khoa Thi\u1ec7n An | Nha Khoa Bu\u00f4n Ma Thu\u1ed9t - \u0110\u1eafk L\u1eafk","isPartOf":{"@id":"https:\/\/nhakhoathienan.vn\/#website"},"datePublished":"2015-09-08T09:09:31+00:00","dateModified":"2019-04-18T17:13:15+00:00","description":"Trung ta\u0302m Ca\u0302\u0301y ghe\u0301p implant \u0111o\u031bn le\u0309, toa\u0300n ha\u0300m on all 4. Nie\u0302\u0300ng ra\u0306ng chuye\u0302n sa\u0302u cho ca\u0309 ngu\u031bo\u031b\u0300i lo\u031b\u0301n va\u0300 tre\u0309 em, \u0111ie\u0302\u0300u tri\u0323 ho\u0302 mo\u0301m ra\u0306ng le\u0323\u0302ch la\u0323c kho\u0302ng \u0111e\u0302\u0300u. Ra\u0306ng su\u031b\u0301, ma\u0323\u0306t da\u0301n su\u031b\u0301 veneer","breadcrumb":{"@id":"https:\/\/nhakhoathienan.vn\/?page_id=754#breadcrumb"},"inLanguage":"vi"},{"@type":"BreadcrumbList","@id":"https:\/\/nhakhoathienan.vn\/?page_id=754#breadcrumb","itemListElement":[{"@type":"ListItem","position":1,"name":"Trang ch\u1ee7","item":"https:\/\/nhakhoathienan.vn\/"},{"@type":"ListItem","position":2,"name":"B\u00c0I VI\u1ebeT"}]},{"@type":"WebSite","@id":"https:\/\/nhakhoathienan.vn\/#website","url":"https:\/\/nhakhoathienan.vn\/","name":"NHA KHOA THI\u1ec6N AN - TP. BU\u00d4N MA THU\u1ed8T, \u0110\u0102K L\u0102K","description":"Thi\u1ec7n An, R\u0103ng \u0111\u1eb9p - N\u1ee5 c\u01b0\u1eddi xinh","publisher":{"@id":"https:\/\/nhakhoathienan.vn\/#organization"},"alternateName":"Trung ta\u0302m Ca\u0302\u0301y ghe\u0301p implant \u0111o\u031bn le\u0309, toa\u0300n ha\u0300m on all 4. Nie\u0302\u0300ng ra\u0306ng chuye\u0302n sa\u0302u cho ca\u0309 ngu\u031bo\u031b\u0300i lo\u031b\u0301n va\u0300 tre\u0309 em, \u0111ie\u0302\u0300u tri\u0323 ho\u0302 mo\u0301m ra\u0306ng le\u0323\u0302ch la\u0323c kho\u0302ng \u0111e\u0302\u0300u. Ra\u0306ng su\u031b\u0301, ma\u0323\u0306t da\u0301n su\u031b\u0301 veneer","potentialAction":[{"@type":"SearchAction","target":{"@type":"EntryPoint","urlTemplate":"https:\/\/nhakhoathienan.vn\/?s={search_term_string}"},"query-input":"required name=search_term_string"}],"inLanguage":"vi"},{"@type":"Organization","@id":"https:\/\/nhakhoathienan.vn\/#organization","name":"Nha khoa Thi\u1ec7n An | Nha Khoa Bu\u00f4n Ma Thu\u1ed9t - \u0110\u1eafk L\u1eafk","alternateName":"Trung ta\u0302m Ca\u0302\u0301y ghe\u0301p implant \u0111o\u031bn le\u0309, toa\u0300n ha\u0300m on all 4. Nie\u0302\u0300ng ra\u0306ng chuye\u0302n sa\u0302u cho ca\u0309 ngu\u031bo\u031b\u0300i lo\u031b\u0301n va\u0300 tre\u0309 em, \u0111ie\u0302\u0300u tri\u0323 ho\u0302 mo\u0301m ra\u0306ng le\u0323\u0302ch la\u0323c kho\u0302ng \u0111e\u0302\u0300u. Ra\u0306ng su\u031b\u0301, ma\u0323\u0306t da\u0301n su\u031b\u0301 veneer","url":"https:\/\/nhakhoathienan.vn\/","logo":{"@type":"ImageObject","inLanguage":"vi","@id":"https:\/\/nhakhoathienan.vn\/#\/schema\/logo\/image\/","url":"https:\/\/nhakhoathienan.vn\/wp-content\/uploads\/2023\/05\/logo4.png","contentUrl":"https:\/\/nhakhoathienan.vn\/wp-content\/uploads\/2023\/05\/logo4.png","width":1024,"height":357,"caption":"Nha khoa Thi\u1ec7n An | Nha Khoa Bu\u00f4n Ma Thu\u1ed9t - \u0110\u1eafk L\u1eafk"},"image":{"@id":"https:\/\/nhakhoathienan.vn\/#\/schema\/logo\/image\/"},"sameAs":["https:\/\/www.facebook.com\/nhakhoathienan.buonmathuot"]}]}},"_links":{"self":[{"href":"https:\/\/nhakhoathienan.vn\/index.php?rest_route=\/wp\/v2\/pages\/754"}],"collection":[{"href":"https:\/\/nhakhoathienan.vn\/index.php?rest_route=\/wp\/v2\/pages"}],"about":[{"href":"https:\/\/nhakhoathienan.vn\/index.php?rest_route=\/wp\/v2\/types\/page"}],"author":[{"embeddable":true,"href":"https:\/\/nhakhoathienan.vn\/index.php?rest_route=\/wp\/v2\/users\/1"}],"replies":[{"embeddable":true,"href":"https:\/\/nhakhoathienan.vn\/index.php?rest_route=%2Fwp%2Fv2%2Fcomments&post=754"}],"version-history":[{"count":1,"href":"https:\/\/nhakhoathienan.vn\/index.php?rest_route=\/wp\/v2\/pages\/754\/revisions"}],"predecessor-version":[{"id":1336,"href":"https:\/\/nhakhoathienan.vn\/index.php?rest_route=\/wp\/v2\/pages\/754\/revisions\/1336"}],"wp:attachment":[{"href":"https:\/\/nhakhoathienan.vn\/index.php?rest_route=%2Fwp%2Fv2%2Fmedia&parent=754"}],"curies":[{"name":"wp","href":"https:\/\/api.w.org\/{rel}","templated":true}]}}